{"id":225,"date":"2025-04-24T09:44:39","date_gmt":"2025-04-24T09:44:39","guid":{"rendered":"https:\/\/xn--gestt-damsbrck-jsbi.de\/?page_id=225"},"modified":"2025-04-24T09:44:43","modified_gmt":"2025-04-24T09:44:43","slug":"startseite","status":"publish","type":"page","link":"https:\/\/xn--gestt-damsbrck-jsbi.de\/","title":{"rendered":"Startseite"},"content":{"rendered":"<div class=\"\" style=\"\" >\n  \n    <section class=\"u-align-center u-clearfix u-container-align-center u-container-align-center-lg u-container-align-center-xl u-palette-3-dark-1 u-section-1\" id=\"carousel_91ec\">\n      <div class=\"u-clearfix u-sheet u-valign-top-sm u-valign-top-xs u-sheet-1\">\n        <div class=\"skrollable u-align-center u-container-align-center u-container-align-center-xl u-container-style u-expanded-width-lg u-expanded-width-md u-expanded-width-sm u-expanded-width-xs u-group u-image u-shading u-image-1\" data-image-width=\"1416\" data-image-height=\"752\" style=\"background-image: linear-gradient(0deg, rgba(0, 0, 0, 0.35), rgba(0, 0, 0, 0.35)), url(&quot;https:\/\/xn--gestt-damsbrck-jsbi.de\/wp-content\/uploads\/2025\/04\/headrer-luft-gross-1-2.jpg&quot;);\">\n          <div class=\"u-container-layout u-container-layout-1\">\n            <img decoding=\"async\" class=\"custom-expanded u-image u-image-default u-image-2\" src=\"https:\/\/xn--gestt-damsbrck-jsbi.de\/wp-content\/uploads\/2025\/04\/logo-kl-2025-4.jpg\" alt=\"\" data-image-width=\"400\" data-image-height=\"215\">\n          <\/div>\n        <\/div>\n        <div class=\"u-expanded-width u-list u-list-1\">\n          <div class=\"u-repeater u-repeater-1\">\n            <div class=\"u-container-style u-list-item u-radius u-repeater-item u-shape-round u-white u-list-item-1\" data-animation-name=\"customAnimationIn\" data-animation-duration=\"1500\" data-animation-delay=\"500\">\n              <div class=\"u-container-layout u-similar-container u-valign-top-lg u-valign-top-md u-valign-top-sm u-valign-top-xs u-container-layout-2\"><span class=\"u-align-left u-file-icon u-icon u-text-palette-1-dark-3 u-icon-1\"><img decoding=\"async\" src=\"https:\/\/xn--gestt-damsbrck-jsbi.de\/wp-content\/uploads\/2025\/04\/a3ef9657-1.png\" alt=\"\"><\/span>\n                <h4 class=\"u-align-left u-text u-text-1\">Gest\u00fct Damsbr\u00fcck - eine moderne Reitanlage mit langer Tradition<br>\n                <\/h4>\n                <p class=\"u-align-left u-text u-text-2\"> Familie Mosig erweckte das Falkenseer Gut wieder zum Leben und machte es\n zu einer&nbsp; Pferdepension, die an gro\u00dfe Pferdetraditionen \nankn\u00fcpft. Das heutige Gest\u00fct Damsbr\u00fcck ist ein moderner Pensionsbetrieb mit Laufband - F\u00fchranlage - Solarium und vielem mehr in einmalig sch\u00f6ner landschaftlicher Lage im Havelland. \u200bDas \u00fcber 40 Hektar gro\u00dfe Anwesen bietet artgerechte Pferdehaltung und \nist f\u00fcr Freizeit- und f\u00fcr Sportreiter gleicherma\u00dfen attraktiv. Stundenlange Ausritte direkt ab Hof, gro\u00dfe Koppeln, Wiesen- und Weidefl\u00e4chen, sowie Trainingspl\u00e4tze bieten ideale Bedingungen. Und das alles nur 8 km von der Berlin-Spandauer Stadtgrenze entfernt. Wir freuen uns auf den Kontakt mit Ihnen!<br>\n                <\/p>\n                <img decoding=\"async\" class=\"u-image u-image-default u-image-3\" src=\"https:\/\/xn--gestt-damsbrck-jsbi.de\/wp-content\/uploads\/2025\/04\/Foto-Marotzke-4.jpg\" alt=\"\" data-image-width=\"1024\" data-image-height=\"683\">\n              <\/div>\n            <\/div>\n          <\/div>\n        <\/div>\n        <a href=\"\" class=\"u-border-none u-btn u-btn-round u-button-style u-custom-color-2 u-hover-white u-radius u-btn-1\">Kontakt Petra Mosig&nbsp; 0176 20714903<\/a>\n      <\/div>\n    <\/section>\n    \n    \n    \n    \n  \n<\/div>","protected":false},"excerpt":{"rendered":"<p>Gest\u00fct Damsbr\u00fcck &#8211; eine moderne Reitanlage mit langer Tradition Familie Mosig erweckte das Falkenseer Gut wieder zum Leben und machte es zu einer&nbsp; Pferdepension, die an gro\u00dfe Pferdetraditionen ankn\u00fcpft. Das heutige Gest\u00fct Damsbr\u00fcck ist ein moderner Pensionsbetrieb mit Laufband &#8211; F\u00fchranlage &#8211; Solarium und vielem mehr in einmalig sch\u00f6ner landschaftlicher Lage im Havelland. \u200bDas \u00fcber [&hellip;]<\/p>\n","protected":false},"author":1,"featured_media":0,"parent":0,"menu_order":2,"comment_status":"closed","ping_status":"closed","template":"","meta":{"footnotes":""},"class_list":["post-225","page","type-page","status-publish","hentry"],"_links":{"self":[{"href":"https:\/\/xn--gestt-damsbrck-jsbi.de\/index.php?rest_route=\/wp\/v2\/pages\/225","targetHints":{"allow":["GET"]}}],"collection":[{"href":"https:\/\/xn--gestt-damsbrck-jsbi.de\/index.php?rest_route=\/wp\/v2\/pages"}],"about":[{"href":"https:\/\/xn--gestt-damsbrck-jsbi.de\/index.php?rest_route=\/wp\/v2\/types\/page"}],"author":[{"embeddable":true,"href":"https:\/\/xn--gestt-damsbrck-jsbi.de\/index.php?rest_route=\/wp\/v2\/users\/1"}],"replies":[{"embeddable":true,"href":"https:\/\/xn--gestt-damsbrck-jsbi.de\/index.php?rest_route=%2Fwp%2Fv2%2Fcomments&post=225"}],"version-history":[{"count":1,"href":"https:\/\/xn--gestt-damsbrck-jsbi.de\/index.php?rest_route=\/wp\/v2\/pages\/225\/revisions"}],"predecessor-version":[{"id":230,"href":"https:\/\/xn--gestt-damsbrck-jsbi.de\/index.php?rest_route=\/wp\/v2\/pages\/225\/revisions\/230"}],"wp:attachment":[{"href":"https:\/\/xn--gestt-damsbrck-jsbi.de\/index.php?rest_route=%2Fwp%2Fv2%2Fmedia&parent=225"}],"curies":[{"name":"wp","href":"https:\/\/api.w.org\/{rel}","templated":true}]}}