{"id":228,"date":"2025-04-24T09:44:42","date_gmt":"2025-04-24T09:44:42","guid":{"rendered":"https:\/\/xn--gestt-damsbrck-jsbi.de\/?page_id=228"},"modified":"2025-04-24T09:44:44","modified_gmt":"2025-04-24T09:44:44","slug":"historie","status":"publish","type":"page","link":"https:\/\/xn--gestt-damsbrck-jsbi.de\/?page_id=228","title":{"rendered":"Historie"},"content":{"rendered":"<div class=\"\" style=\"\" >\n  \n    <section class=\"u-align-center u-clearfix u-container-align-center-lg u-container-align-center-xl u-palette-3-dark-1 u-section-1\" id=\"carousel_91ec\">\n      <div class=\"u-clearfix u-sheet u-valign-top-lg u-valign-top-md u-valign-top-sm u-valign-top-xs u-sheet-1\">\n        <div class=\"custom-expanded skrollable u-align-center u-container-align-center-xl u-container-style u-group u-image u-shading u-image-1\" data-image-width=\"1416\" data-image-height=\"752\" style=\"background-image: linear-gradient(0deg, rgba(0, 0, 0, 0.35), rgba(0, 0, 0, 0.35)), url(&quot;https:\/\/xn--gestt-damsbrck-jsbi.de\/wp-content\/uploads\/2025\/04\/headrer-luft-gross-1-2.jpg&quot;);\">\n          <div class=\"u-container-layout u-container-layout-1\">\n            <img decoding=\"async\" class=\"u-image u-image-default u-image-2\" src=\"https:\/\/xn--gestt-damsbrck-jsbi.de\/wp-content\/uploads\/2025\/04\/logo-kl-2025-4.jpg\" alt=\"\" data-image-width=\"400\" data-image-height=\"215\">\n          <\/div>\n        <\/div>\n        <div class=\"u-expanded-width u-list u-list-1\">\n          <div class=\"u-repeater u-repeater-1\">\n            <div class=\"u-container-style u-list-item u-radius u-repeater-item u-shape-round u-white u-list-item-1\" data-animation-name=\"customAnimationIn\" data-animation-duration=\"1500\" data-animation-delay=\"500\">\n              <div class=\"u-container-layout u-similar-container u-valign-top-lg u-valign-top-md u-valign-top-sm u-valign-top-xs u-container-layout-2\"><span class=\"u-align-left u-file-icon u-icon u-text-palette-1-dark-3 u-icon-1\"><img decoding=\"async\" src=\"https:\/\/xn--gestt-damsbrck-jsbi.de\/wp-content\/uploads\/2025\/04\/a3ef9657-1.png\" alt=\"\"><\/span>\n                <h4 class=\"u-align-left u-text u-text-1\">Gest\u00fct Damsbr\u00fcck - <br>eine moderne Reitanlage mit langer Tradition<br>\n                <\/h4>\n                <p class=\"u-align-left u-text u-text-2\"> Familie Mosig erweckte das <br>Falkenseer Gut wieder zum Leben ....<br> Das Gest\u00fct wurde 1910 von Bruno Cassirer gegr\u00fcndet, der als\nJude 1938 emigrieren musste. Der Gutsbezirk Damsbr\u00fcck wurde zum 1.10.1928 nach\nFalkensee eingemeindet. Bereits im Jahr 1930 verkaufte Cassirer die im ganzen\nLande bekannte Zuchtst\u00e4tte an Franz Neubauer, der 1943 verstarb. Seine Frau\nbetrieb dann allein bis 1961 das Trabergest\u00fct mit Rennstall in der DDR weiter.\nDanach wurde das Gest\u00fct in Volkseigentum \u00fcberf\u00fchrt und war nur noch\nJ\u00e4hrlingsstation unter VEG Trabrennbahn Karlshorst. 1995 erfolgte die\nR\u00fcck\u00fcbertragung der maroden Zuchtst\u00e4tte an die Erben von Franz Neubauer, die\njedoch kein Interesse an der Anlage hatten.<br> Auf Damsbr\u00fcck waren Hans und Elfriede Mosig durch ihre Tochter Petra aufmerksam\ngeworden, als die geb\u00fcrtige Berlinerin n\u00e4mlich in den Neunziger Jahren f\u00fcr ein\nRennen in Marienfelde den Auftrag erhielt, einen Lkw aus Damsbr\u00fcck zu holen. &nbsp;Familie Mosig sahen, trotz des ungepflegten\nZustands der Anlage, Potential f\u00fcr eine Reitanlage mit Pensionsstall und\nkauften das gro\u00dfe Gel\u00e4nde. <br> Die Berlinerin Elfriede Mosig zog, als um Berlin noch die Mauer stand, nach\nAasb\u00fcttel, einem kleinen Ort in Schleswig-Holstein nahe der Pferdestadt\nNeum\u00fcnster. Dort z\u00fcchtete sie \u00fcber 25 Jahre lang erfolgreiche Holsteiner, u.a.\nhatte sie Zuchtstuten vom Spediteur Willi Betz im Stall. Tochter Petra kam\nschon fr\u00fch mit Pferden in Kontakt, aber nach Abschluss der Schulzeit hatte sie\nzuerst andere Interessen. Sie arbeitete im \u00d6ffentlichen Dienst, der Berliner\nVerwaltung, sp\u00e4ter dann in der Immobilienverwaltung. Im Jahr 1999 fand der\nWiedereinstieg in den Reitsport und dann in den Turniersport statt.<br> Nach umfangreichen Instandsetzungen und Neubauten, sowie Ankauf von weiteren\nGrundst\u00fccken wird das Gest\u00fct Damsbr\u00fcck heute als landwirtschaftlicher Betrieb\nmit moderner Pferdepension gef\u00fchrt. Das \u00fcber 40 Hektar gro\u00dfe Anwesen bietet\nartgerechte Pferdehaltung und ist f\u00fcr Freizeit- und f\u00fcr Sportreiter\ngleicherma\u00dfen attraktiv. <br>\n                  <br>Bericht MAZ aus 2016:<br>\n                  <a href=\"https:\/\/www.maz-online.de\/lokales\/havelland\/der-gute-name-von-damsbrueck-EG6TTZOSIQ3LAOINVKPXK7NMQQ.html\" class=\"u-active-none u-border-none u-btn u-button-link u-button-style u-hover-none u-none u-text-custom-color-1 u-btn-1\" target=\"_blank\">Der gute Name von Damsbr\u00fcck<\/a>\n                  <br>\n                <\/p>\n              <\/div>\n            <\/div>\n          <\/div>\n        <\/div>\n        <a href=\"\" class=\"u-border-none u-btn u-btn-round u-button-style u-custom-color-2 u-hover-white u-radius u-btn-2\">Kontakt Petra Mosig&nbsp; 0176 20714903<\/a>\n      <\/div>\n    <\/section>\n    \n    \n    \n    \n  \n<\/div>","protected":false},"excerpt":{"rendered":"<p>Gest\u00fct Damsbr\u00fcck &#8211; eine moderne Reitanlage mit langer Tradition Familie Mosig erweckte das Falkenseer Gut wieder zum Leben &#8230;. Das Gest\u00fct wurde 1910 von Bruno Cassirer gegr\u00fcndet, der als Jude 1938 emigrieren musste. Der Gutsbezirk Damsbr\u00fcck wurde zum 1.10.1928 nach Falkensee eingemeindet. Bereits im Jahr 1930 verkaufte Cassirer die im ganzen Lande bekannte Zuchtst\u00e4tte an [&hellip;]<\/p>\n","protected":false},"author":1,"featured_media":0,"parent":0,"menu_order":5,"comment_status":"closed","ping_status":"closed","template":"","meta":{"footnotes":""},"class_list":["post-228","page","type-page","status-publish","hentry"],"_links":{"self":[{"href":"https:\/\/xn--gestt-damsbrck-jsbi.de\/index.php?rest_route=\/wp\/v2\/pages\/228","targetHints":{"allow":["GET"]}}],"collection":[{"href":"https:\/\/xn--gestt-damsbrck-jsbi.de\/index.php?rest_route=\/wp\/v2\/pages"}],"about":[{"href":"https:\/\/xn--gestt-damsbrck-jsbi.de\/index.php?rest_route=\/wp\/v2\/types\/page"}],"author":[{"embeddable":true,"href":"https:\/\/xn--gestt-damsbrck-jsbi.de\/index.php?rest_route=\/wp\/v2\/users\/1"}],"replies":[{"embeddable":true,"href":"https:\/\/xn--gestt-damsbrck-jsbi.de\/index.php?rest_route=%2Fwp%2Fv2%2Fcomments&post=228"}],"version-history":[{"count":1,"href":"https:\/\/xn--gestt-damsbrck-jsbi.de\/index.php?rest_route=\/wp\/v2\/pages\/228\/revisions"}],"predecessor-version":[{"id":233,"href":"https:\/\/xn--gestt-damsbrck-jsbi.de\/index.php?rest_route=\/wp\/v2\/pages\/228\/revisions\/233"}],"wp:attachment":[{"href":"https:\/\/xn--gestt-damsbrck-jsbi.de\/index.php?rest_route=%2Fwp%2Fv2%2Fmedia&parent=228"}],"curies":[{"name":"wp","href":"https:\/\/api.w.org\/{rel}","templated":true}]}}